emainder when 295962 is divided by 147221?
1520
Calculate the remainder when 22591 is divided by 1371.
655
What is the remainder when 2897613 is divided by 93458?
415
What is the remainder when 20124 is divided by 4243?
3152
Calculate the remainder when 5312637 is divided by 15671.
168
Calculate the remainder when 6555915 is divided by 3563.
3558
What is the remainder when 23396138 is divided by 10?
8
What is the remainder when 173858648 is divided by 16?
8
What is the remainder when 142056218 is divided by 1580?
1578
What is the remainder when 787257 is divided by 3996?
45
What is the remainder when 701639 is divided by 46?
1
Calculate the remainder when 1411096 is divided by 705205.
686
Calculate the remainder when 1487948 is divided by 254.
16
Calculate the remainder when 3969178 is divided by 432.
394
Calculate the remainder when 617914 is divided by 6570.
334
What is the remainder when 1758926 is divided by 1758916?
10
What is the remainder when 1572175 is divided by 4913?
15
What is the remainder when 5369 is divided by 5317?
52
Calculate the remainder when 418943 is divided by 3322.
371
Calculate the remainder when 490222 is divided by 40.
22
What is the remainder when 56230 is divided by 4063?
3411
Calculate the remainder when 7727589 is divided by 283.
274
What is the remainder when 4614101 is divided by 329534?
625
What is the remainder when 537571 is divided by 38097?
4213
Calculate the remainder when 4754858 is divided by 114.
32
What is the remainder when 6102739 is divided by 249?
247
What is the remainder when 187500423 is divided by 5681831?
0
Calculate the remainder when 1551567 is divided by 121.
105
Calculate the remainder when 1452725 is divided by 80702.
89
Calculate the remainder when 9714760 is divided by 91647.
178
Calculate the remainder when 277413 is divided by 30208.
5541
Calculate the remainder when 2017955 is divided by 2022.
2021
What is the remainder when 23184348 is divided by 49?
47
Calculate the remainder when 4773276 is divided by 1193235.
336
What is the remainder when 4302339 is divided by 951?
15
Calculate the remainder when 59629526 is divided by 59629478.
48
What is the remainder when 94413 is divided by 31461?
30
Calculate the remainder when 246010 is divided by 4472.
50
Calculate the remainder when 62184948 is divided by 1413294.
12
Calculate the remainder when 1334407 is divided by 2740.
27
Calculate the remainder when 3198110 is divided by 3297.
20
What is the remainder when 929041 is divided by 309677?
10
What is the remainder when 1708583 is divided by 17?
15
Calculate the remainder when 107713590 is divided by 121.
116
Calculate the remainder when 45858987 is divided by 455.
447
What is the remainder when 8646291 is divided by 1153?
1097
Calculate the remainder when 3341153 is divided by 3340089.
1064
What is the remainder when 89130418 is divided by 1427?
1425
Calculate the remainder when 1058455 is divided by 264518.
383
What is the remainder when 2746788 is divided by 2126?
2122
What is the remainder when 10667462 is divided by 41?
0
Calculate the remainder when 4460 is divided by 1229.
773
Calculate the remainder when 3266095 is divided by 155513.
322
What is the remainder when 218585 is divided by 15507?
1487
What is the remainder when 17106902 is divided by 1425572?
38
Calculate the remainder when 1826565 is divided by 913276.
13
What is the remainder when 9822 is divided by 7985?
1837
What is the remainder when 12586368 is divided by 3423?
3420
Calculate the remainder when 11004139 is divided by 35383.
26
Calculate the remainder when 5311567 is divided by 299.
131
Calculate the remainder when 15612 is divided by 15453.
159
Calculate the remainder when 45367144 is divided by 422.
34
Calculate the remainder when 142628 is divided by 971.
862
What is the remainder when 9472557 is divided by 1?
0
Calculate the remainder when 286232 is divided by 2139.
1745
Calculate the remainder when 1265 is divided by 795.
470
Calculate the remainder when 116495 is divided by 42.
29
Calculate the remainder when 547031 is divided by 34185.
71
What is the remainder when 31200800 is divided by 1107?
5
What is the remainder when 5610142 is divided by 1371?
10
Calculate the remainder when 3727699 is divided by 2640.
19
Calculate the remainder when 3411033 is divided by 66883.
0
What is the remainder when 238756 is divided by 6579?
1912
What is the remainder when 677211 is divided by 225692?
135
What is the remainder when 1370583 is divided by 41532?
27
What is the remainder when 62513796 is divided by 760?
756
Calculate the remainder when 298646 is divided by 40639.
14173
What is the remainder when 176968 is divided by 176777?
191
What is the remainder when 94750378 is divided by 2811?
1
Calculate the remainder when 2226389 is divided by 556596.
5
What is the remainder when 7088035 is divided by 224?
3
Calculate the remainder when 95311604 is divided by 62.
58
What is the remainder when 2715612 is divided by 19?
18
Calculate the remainder when 10969703 is divided by 3175.
78
What is the remainder when 28901 is divided by 2377?
377
What is the remainder when 182546 is divided by 60519?
989
Calculate the remainder when 17833596 is divided by 49.
46
What is the remainder when 14606343 is divided by 11732?
3
Calculate the remainder when 163718 is divided by 189.
44
What is the remainder when 306745 is divided by 3929?
283
What is the remainder when 43006219 is divided by 738?
7
What is the remainder when 113099 is divided by 1916?
55
Calculate the remainder when 45696 is divided by 1059.
159
Calculate the remainder when 133485 is divided by 44480.
45
Calculate the remainder when 11052349 is divided by 45.
34
Calculate the remainder when 502477 is divided by 61.
20
What is the remainder when 4231022 is divided by 28?
26
What is the remainder when 13599198 is divided by 278?
272
What is the remainder when 378715 is divided by 638?
381
Calculate the remainder when 10288 is divided by 5364.
4924
What is the remainder when 4046955 is divided by 7843?
7810
Calculate the remainder when 59723122 is divided by 12.
10
What is the remainder when 4657577 is divided by 256?
169
What is the remainder when 25105861 is divided by 5?
1
Calculate the remainder when 3155103 is divided by 273.
42
Calculate the remainder when 474551 is divided by 117657.
3923
What is the remainder when 345337 is divided by 4486?
4401
What is the remainder when 25467990 is divided by 696?
654
Calculate the remainder when 2374 is divided by 1812.
562
Calculate the remainder when 1875967 is divided by 82.
53
What is the remainder when 675319706 is divided by 353?
348
What is the remainder when 2030006 is divided by 676584?
254
What is the remainder when 78425426 is divided by 562?
12
Calculate the remainder when 479205 is divided by 1571.
50
Calculate the remainder when 41957483 is divided by 56018.
1
Calculate the remainder when 9650981 is divided by 1166.
1165
Calculate the remainder when 20455 is divided by 189.
43
Calculate the remainder when 75304254 is divided by 8369.
8361
Calculate the remainder when 25325429 is divided by 2382.
5
What is the remainder when 1036977 is divided by 802?
793
Calculate the remainder when 25178592 is divided by 7157.
266
Calculate the remainder when 318750 is divided by 349.
113
Calculate the remainder when 11098671 is divided by 162.
51
What is the remainder when 1227164 is divided by 76693?
76
Calculate the remainder when 4061 is divided by 2024.
13
What is the remainder when 12675730 is divided by 33?
1
What is the remainder when 939554 is divided by 623?
70
Calculate the remainder when 1563643 is divided by 1250.
1143
Calculate the remainder when 15514373 is divided by 261.
11
Calculate the remainder when 804064 is divided by 803633.
431
What is the remainder when 1769344 is divided by 20?
4
Calculate the remainder when 355169 is divided by 3230.
3099
What is the remainder when 504264 is divided by 52?
20
Calculate the remainder when 494005009 is divided by 316.
313
Calculate the remainder when 218530 is divided by 6426.
46
Calculate the remainder when 590011 is divided by 858.
565
What is the remainder when 273097 is divided by 4857?
1105
What is the remainder when 274992 is divided by 8332?
36
What is the remai